{"id":3,"date":"2022-05-02T13:02:19","date_gmt":"2022-05-02T13:02:19","guid":{"rendered":"https:\/\/abovecapital.pt\/?page_id=3"},"modified":"2025-03-08T01:41:34","modified_gmt":"2025-03-08T01:41:34","slug":"privacy-policy","status":"publish","type":"page","link":"https:\/\/abovecapital.pt\/index.php\/about-us-2\/privacy-policy\/","title":{"rendered":"Privacy Policy"},"content":{"rendered":"\n<p class=\"gtfy-1\"><\/p>\n\n\n\n<p class=\"gtfy-4\"><\/p>\n\n\n\n<p class=\"has-foreground-color has-text-color has-link-color has-slider-title-font-size wp-elements-f2cb20b7f67e623a2433493a32c3d800 gtfy-7\"><strong>Privacy Policy<\/strong><\/p>\n\n\n\n<p class=\"gtfy-10\">Above Capital \u2013 SCR, S.A. (\u201cAbove Capital\u201d or \u201cCompany\u201d), as a Management Company of collective investment entities, will be responsible for processing the personal data of natural persons with whom it has relationships, namely investors and counterparties, within the scope of its activity, the protection of this personal data, ensuring that its processing is carried out in accordance with applicable European and national legislation, as well as confidentiality obligations, through this Privacy Policy.<\/p>\n\n\n\n<p class=\"gtfy-13\">This Policy aims to set forth and guarantee that Above Capital complies with the rules that apply to the processing of your Personal Data and provide you with information about your rights as a Data Subject.<\/p>\n\n\n\n<p class=\"gtfy-16\">The Privacy Policy applies exclusively to the collection and processing of personal data carried out by Above Capital.<\/p>\n\n\n\n<p class=\"has-foreground-color has-text-color has-link-color has-content-heading-font-size wp-elements-e31bfee091714e84f5f8a613667632ca gtfy-19\"><strong>Policy objective:<\/strong><\/p>\n\n\n\n<p class=\"gtfy-22\">This Privacy Policy aims to comply with Regulation (EU) no. 679\/2016, of April 27 (\u201cGeneral Data Protection Regulation\u201d or \u201cGDPR\u201d), regarding the protection of natural persons regarding respect for the processing of personal data and the free movement of such data, and national legislation, namely Law No. 58\/2019, of August 8, which ensures the implementation of the GDPR in the national legal order.<\/p>\n\n\n\n<p class=\"gtfy-25\">This policy defines and makes known to holders of personal data, who in any way interact with Above Capital, the most relevant information within the scope of the protection of their personal data, including their rights and the way in which these rights can be exercised, as well as, generally, what personal data is collected, the way in which they are processed, the respective processing purposes, associated legal bases and retention periods.<\/p>\n\n\n\n<p class=\"has-foreground-color has-text-color has-link-color has-medium-font-size wp-elements-a27509abc68e05f9fffb29e5b29adce3 gtfy-28\"><strong>Contact Details of the Data Protection Officer<\/strong><\/p>\n\n\n\n<p class=\"gtfy-31\">Above Capital &#8211; SCR, S.A.<br>Av. Eng. Duarte Pacheco, Amoreiras Torre 1, Piso 4, Sala 11, 1070-101 Lisboa, Portugal&nbsp;<br>Telephone: +351 213 851 255<br>E-mail address:&nbsp;<a href=\"mailto:geral@abovecapital.pt\">geral@abovecapital.pt<\/a><\/p>\n\n\n\n<p class=\"has-foreground-color has-text-color has-link-color has-medium-font-size wp-elements-e6e1df785f7f1256c48822101c417b75 gtfy-34\"><strong>Which Data are collected by Above Capital?<\/strong><\/p>\n\n\n\n<p class=\"gtfy-37\">In general, Personal Data which are collected and processed by Above Capital are: full name, picture, place of birth, nationality, date of birth, identification document number and validity, marital status, taxpayer identification number, address, e-mail and telephone\/mobile. &nbsp;Additional data can be requested, such as: academic qualifications, professional status, name of employer, financial information, investor profile, money laundering and terrorist financing risk.<\/p>\n\n\n\n<p class=\"has-foreground-color has-text-color has-link-color has-medium-font-size wp-elements-d5ad269e5bc71e62e9c0f56980228440 gtfy-40\"><strong>Which channels are used to collect Personal Data?<\/strong><\/p>\n\n\n\n<p class=\"gtfy-43\">Personal Data are collected directly with the Data Subjects themselves via e-mail, telephone\/mobile and\/or contract between both parties and indirectly via partners or third parties.<\/p>\n\n\n\n<p class=\"has-foreground-color has-text-color has-link-color has-medium-font-size wp-elements-f35a315eea54945df3ae08c3172d7761 gtfy-46\"><strong>Use and Purpose of Personal Data collected<\/strong><\/p>\n\n\n\n<p class=\"gtfy-49\">The Personal Data collected are processed strictly in compliance with the rules and principles or the General Data Protection Regulation (and legislation that applies to the sector). Personal Data will never be processed unlawfully and illegitimately.<\/p>\n\n\n\n<p class=\"gtfy-52\">In this scope, personal data processed by Above Capital can be collected based on the need to execute a contract to which the Data Subject is a party or with the goal of complying with pre-contractual diligences requested by the data subject. Complying with a legal obligation to which the data controller is subject and processing Personal Data for purposes of pursuing the legitimate interests of Above Capital or any third parties are valid processing grounds, as well as any other purpose for which the Data Subject has given their consent.<\/p>\n\n\n\n<p class=\"has-foreground-color has-text-color has-link-color has-medium-font-size wp-elements-09e57c09f923283394b79cf34e2b3717 gtfy-55\"><strong>How long will Personal Data be retained for?<\/strong><\/p>\n\n\n\n<p class=\"gtfy-58\">Above Capital keeps Personal Data for as long as they are needed in the scope of the purpose for which they were collected.<\/p>\n\n\n\n<p class=\"gtfy-61\">For the purposes described herein, Personal Data will be kept by the maximum period permitted by law with effect from the date of collection.<\/p>\n\n\n\n<p class=\"gtfy-64\">Once this maximum retention period has elapsed, Personal Data will be destroyed in a safe manner, provided there is no higher interest that prevents this from happening.<\/p>\n\n\n\n<p class=\"gtfy-67\">Above Capital keeps personal data for the period required to comply with contractual and legal obligations. Personal data held by Above Capital must be kept for time needed to guarantee:<\/p>\n\n\n\n<ul class=\"wp-block-list gtfy-72\">\n<li class=\"gtfy-70 gutenify-list-item\">compliance with any obligation required by the law or any other regulations, namely in the scope of the commercial and tax law, banking law, Money Laundering Act and Securities Code.<\/li>\n\n\n\n<li class=\"gtfy-71 gutenify-list-item\">the right to keep evidence according to the applicable legal expiration periods.<\/li>\n<\/ul>\n\n\n\n<p class=\"has-foreground-color has-text-color has-link-color has-medium-font-size wp-elements-6b8894888e2acf41aebb07213b81b378 gtfy-75\"><strong>How does Above Capital ensure the adequate protection of Personal Data?<\/strong><\/p>\n\n\n\n<p class=\"gtfy-78\">Above Capital undertakes to guarantee and ensure the protection of the Personal Data given to the company by having in place the adequate Technical and Organizational Measures to avoid potential intrusions, diffusions, changes, unauthorized processing and access, and unlawful processing.<\/p>\n\n\n\n<p class=\"gtfy-81\">Above Capital further undertakes to ensure that, by default, only data required for each specific processing purpose are processed and that those data are not made available or provided to any third parties in an unlawful manner.<\/p>\n\n\n\n<p class=\"has-foreground-color has-text-color has-link-color has-medium-font-size wp-elements-a616a2e7ca1ed0ddbc5e4e78a878931f gtfy-84\"><strong>What are the Data Subject rights?<\/strong><\/p>\n\n\n\n<p class=\"gtfy-87\">At any time, the Data Subject may ask us for:<\/p>\n\n\n\n<ul class=\"wp-block-list gtfy-97\">\n<li class=\"gtfy-90 gutenify-list-item\">Access to the personal data that Above Capital have about the Data Subject.<\/li>\n\n\n\n<li class=\"gtfy-91 gutenify-list-item\">Rectification&nbsp;of the Data Subject personal data if it is inaccurate or incomplete.<\/li>\n\n\n\n<li class=\"gtfy-92 gutenify-list-item\">The erasure&nbsp;of the Data Subject personal data.<\/li>\n\n\n\n<li class=\"gtfy-93 gutenify-list-item\">The restriction&nbsp;of the processing, in certain situations.<\/li>\n\n\n\n<li class=\"gtfy-94 gutenify-list-item\">The portability of the Data Subject data, in certain situations.<\/li>\n\n\n\n<li class=\"gtfy-95 gutenify-list-item\">Objection to processing, in certain situations.<\/li>\n\n\n\n<li class=\"gtfy-96 gutenify-list-item\">Withdrawal of consent, at any time.<\/li>\n<\/ul>\n\n\n\n<p class=\"gtfy-100\">The withdrawal of the Data Subject consent does not affect the lawfulness of the processing of the personal data based on the Data Subject consent before the withdrawal. In order for the Data Subject withdraw the consent, please contact us at&nbsp;<a href=\"mailto:geral@abovecapital.pt\">geral@abovecapital.pt<\/a>, stating that you wish to withdraw your consent.<\/p>\n\n\n\n<p class=\"gtfy-103\">The Data Subject also have the right to submit a complaint to the National Data Protection Commission (\u201c<em>Comiss\u00e3o Nacional de Prote\u00e7\u00e3o de Dados<\/em>\u201d), in&nbsp;<a href=\"https:\/\/www.cnpd.pt\/\">https:\/\/www.cnpd.pt\/<\/a>.&nbsp;\u200d<\/p>\n\n\n\n<p class=\"has-foreground-color has-text-color has-link-color has-medium-font-size wp-elements-17d2ee01ca4df333e72ba10c258c3a2f gtfy-106\"><strong>Changes to the Privacy Policy of Above Capital<\/strong><\/p>\n\n\n\n<p class=\"gtfy-109\">Above Capital reserves the right to change this Privacy Policy at any time. In case of changes to the Privacy Policy.<\/p>\n\n\n\n<p class=\"gtfy-112\">You can exercise the rights described in our Privacy Policy by sending a notification or request to the e-mail:&nbsp;<a href=\"mailto:geral@abovecapital.pt\">geral@abovecapital.pt<\/a>&nbsp;&nbsp;<\/p>\n\n\n\n<p class=\"gtfy-115\">For any clarification on Above Capital Privacy Policy and\/or any information request, please contact us at:&nbsp;<a href=\"mailto:geral@abovecapital.pt\">geral@abovecapital.pt<\/a><\/p>\n\n\n\n<p class=\"has-foreground-color has-text-color has-link-color has-medium-font-size wp-elements-6c4104df10965aa135790059a4a90cd0 gtfy-118\"><strong>Cookies Policy<\/strong><\/p>\n\n\n\n<p class=\"gtfy-121\">Above Capital does not use session cookies on its website.<\/p>\n\n\n\n<p class=\"gtfy-124\"><\/p>\n","protected":false},"excerpt":{"rendered":"<p>Privacy Policy Above Capital \u2013 SCR, S.A. (\u201cAbove Capital\u201d or \u201cCompany\u201d), as a Management Company [&hellip;]<\/p>\n","protected":false},"author":1,"featured_media":0,"parent":29,"menu_order":0,"comment_status":"closed","ping_status":"closed","template":"wp-custom-template-header-two-2","meta":{"footnotes":""},"class_list":["post-3","page","type-page","status-publish","hentry"],"_links":{"self":[{"href":"https:\/\/abovecapital.pt\/index.php\/wp-json\/wp\/v2\/pages\/3","targetHints":{"allow":["GET"]}}],"collection":[{"href":"https:\/\/abovecapital.pt\/index.php\/wp-json\/wp\/v2\/pages"}],"about":[{"href":"https:\/\/abovecapital.pt\/index.php\/wp-json\/wp\/v2\/types\/page"}],"author":[{"embeddable":true,"href":"https:\/\/abovecapital.pt\/index.php\/wp-json\/wp\/v2\/users\/1"}],"replies":[{"embeddable":true,"href":"https:\/\/abovecapital.pt\/index.php\/wp-json\/wp\/v2\/comments?post=3"}],"version-history":[{"count":3,"href":"https:\/\/abovecapital.pt\/index.php\/wp-json\/wp\/v2\/pages\/3\/revisions"}],"predecessor-version":[{"id":4948,"href":"https:\/\/abovecapital.pt\/index.php\/wp-json\/wp\/v2\/pages\/3\/revisions\/4948"}],"up":[{"embeddable":true,"href":"https:\/\/abovecapital.pt\/index.php\/wp-json\/wp\/v2\/pages\/29"}],"wp:attachment":[{"href":"https:\/\/abovecapital.pt\/index.php\/wp-json\/wp\/v2\/media?parent=3"}],"curies":[{"name":"wp","href":"https:\/\/api.w.org\/{rel}","templated":true}]}}